 h(n) = -n**2 - n + 10. Let m(t) = -t**2 - 6*t. Let r = -7 + 1. Let j be m(r). Determine h(j).
10
Suppose -5*n + 0*n - 15 = 0. Let g(u) = u**2 + u - 1. Let c = 4 - 3. Let p(b) = -4*b**2 - 9*b + 5. Let r(h) = c*p(h) + 3*g(h). What is r(n)?
11
Suppose 0 = 4*y + 9 + 11. Let b(l) = -2*l + 3. Calculate b(y).
13
Let y = 10 - 14. Let i(m) = -4*m - 1. Let g(p) be the second derivative of -17*p**3/6 - 3*p**2/2 - 2*p. Let f(q) = 2*g(q) - 9*i(q). What is f(y)?
-5
Let f be (-33)/(-12) - (-3)/(-4). Let m(c) = -f + 0 + 1 - 3 + 5*c. Determine m(3).
11
Let m = 6 + -4. Suppose -m*r = -3*r + 4. Let l(k) = k**2 - 5*k + 2. Give l(r).
-2
Let g(m) = 7*m**2 + 5*m - 2. Let j(a) = -a**2 - a. Let d(p) = -g(p) - 5*j(p). Determine d(-2).
-6
Let a(z) = 2*z**2 - 5*z + 4. Suppose n = 3*d - 2*n - 6, 0 = 4*n - 4. What is a(d)?
7
Let k(i) be the third derivative of i**6/120 + i**5/20 + i**4/24 + i**3/3 - 2*i**2. Give k(-3).
-1
Let a(x) = -5*x. Let s(v) = -2*v. Let c(o) = 3*a(o) - 7*s(o). Determine c(2).
-2
Let c(i) be the first derivative of 0*i - 1/2*i**3 + 1/60*i**5 - 1/2*i**2 - 5/24*i**4 - 2. Let f(n) be the second derivative of c(n). Determine f(5).
-3
Let q(j) = j. Let o(g) = -g. Let n(w) = -2*o(w) - q(w). Calculate n(6).
6
Let i(a) = a**2 + 6*a + 4. Let h be (-3)/(-6) - 34/(-4). Suppose -2*f + 1 - h = 0. Determine i(f).
-4
Let i(h) = h**2 - h - 8. Let a(u) = -u**2 + 25*u. Let c be a(25). Calculate i(c).
-8
Suppose 0 = -4*t - 4 + 16. Suppose -t*n - 4*k + 26 = -8*n, -3*n - k = 19. Let u(b) = -b**3 - 7*b**2 - 5*b. Calculate u(n).
-6
Let k(v) be the third derivative of v**4/24 - v**3/6 + 13*v**2. What is k(2)?
1
Let m = 11 + -4. Let k(y) = -m + y + 2 + 0*y. Let z(q) = -q**2 - 7*q - 1. Let o be z(-6). Calculate k(o).
0
Let r(s) be the first derivative of 2*s**3/3 + 3*s**2/2 - 5*s + 7. Calculate r(-4).
15
Let c(k) = k**2 + 6*k - 5. Let b(g) = g**3 + 6*g**2 + 2*g + 6. Let d be b(-6). Determine c(d).
-5
Let s be 2/(-3)*(7 - 4). Let t = 6 - 5. Let l(v) = -2 + 0 + t - v. Determine l(s).
1
Let h(y) = -4*y**2 + 3*y**2 - 2 + 4 + 5*y. Let d be h(5). Suppose -6*a = -d*a - 20. Let b(c) = 2*c - 4. Determine b(a).
6
Let d(y) = -y**3 - 3*y**2 + 2. Let a = -9 - -7. Suppose -3*g - 1 = -4*g. Let v = a - g. Determine d(v).
2
Suppose 0 = 33*k - 36*k. Let a(z) = z**3 + 2. What is a(k)?
2
Let p(d) = 5*d**2 + 5*d - 4. Let a(l) = -6*l**2 - 6*l + 5. Let b(y) = -4*a(y) - 5*p(y). Calculate b(-2).
-2
Let k(p) = p**3 - 10*p**2 + 3*p. Let a be k(10). Suppose -4*h - 6 = -a. Let z(m) = -m - 5. Give z(h).
-11
Let v(a) = a + 2. Let w(m) = m**2 - 12*m - 5. Let n be w(12). Calculate v(n).
-3
Let z(j) = 0 - j - 3 - j + 1. Give z(-5).
8
Let s be -6*(5 + 31/(-6)). Let c(l) = -l + 1. Give c(s).
0
Suppose -4*o = -4*h + 12, -3 - 10 = -3*h + o. Let f(w) = w**3 - 4*w**2 - 8*w + 7. Calculate f(h).
-8
Let p(o) = 0*o + 2*o + o**2 - 3*o. Let c be (-462)/30 + (-6)/(-15). Let l = -12 - c. Determine p(l).
6
Let b(f) = -9*f**2 - 2*f - 1. Let t = 6 - 2. Let o be 1/t - 15/12. Determine b(o).
-8
Suppose 2*q = -3*q + 10. Let r(w) = 2*w + 2*w**q + 3 - 5 - w**2. What is r(-3)?
1
Let w(t) = t + 2. Let b be 0 + (0 - 0)/1. Let f be w(b). Let m(q) = q**3 - q**2 - 1. Let d(o) = -5*o**3 + 6*o**2 + 5. Let y(k) = -d(k) - 6*m(k). Give y(f).
-7
Let x(r) be the third derivative of r**5/120 + r**4/24 + r**3/3 + r**2. Let j(c) be the first derivative of x(c). Determine j(3).
4
Let y(v) be the first derivative of -1/6*v**4 - 1/3*v**3 + 0*v**2 + 0*v - 1/120*v**5 + 2. Let a(j) be the third derivative of y(j). Calculate a(-3).
-1
Let z(c) be the second derivative of c**7/2520 - c**6/360 + c**5/120 + c**4/3 + c. Let x(t) be the third derivative of z(t). Let a = -3 - -4. Give x(a).
0
Let h(w) = -w**3 - 10*w**2 - 10*w - 6. Let r(y) = -y**2 - y - 1. Suppose 3*m - 2 = m. Let u(a) = m*h(a) - 6*r(a). Suppose 0*x = 2*x + 6. Give u(x).
3
Let f be (1 - -1)/2*40. Suppose b = 3*b - x - 20, -4*b + f = -x. Suppose 8*h - 3*h - 18 = -2*v, -h = -3*v + b. Let o(z) = -z**2 + 3*z + 1. What is o(v)?
-3
Let w(i) = 2 - i**3 - 75*i + 0*i**3 + 74*i. Determine w(-2).
12
Suppose 0 = 4*b - 0*b - 4. Let c(p) = b - p + 6 - 1 - 4. Calculate c(5).
-3
Let q(r) = 1. Let h(y) = -y - 4. Let l(x) = h(x) + 6*q(x). What is l(5)?
-3
Let g(f) = f - 6. Suppose 2*a = -a + 15. Suppose 0 = 4*v + x - 2, -3*x + 2 = -a*v - 2*x. Let i = v + 0. Give g(i).
-6
Let a(v) = -121*v**2 + 248*v**2 - 3*v - 129*v**2 - 2. Let w(g) = g**2 + 4*g + 1. Let m be w(-3). What is a(m)?
-4
Let w(d) = -d + 5. Let s be 12/(-21) - (-3 - (-68)/28). Give w(s).
5
Suppose 0*f - 10 = 2*f. Let h(m) be the first derivative of -4/3*m**3 + 1 + 3*m**2 + 4*m - 1/4*m**4. What is h(f)?
-1
Let p(t) = -3*t**2 + 3*t**2 + t**2 + 3*t + 1. Suppose 0 = -3*g + 4*i + 15, -5*i = -3 - 12. Suppose 0 = -2*k - k - g. Determine p(k).
1
Suppose -4*t - 2 = 2. Let w(u) be the second derivative of -u**7/84 - u**6/360 + 5*u**3/6 + 2*u. Let x(s) be the second derivative of w(s). Determine x(t).
9
Let p(c) = -3 - 1 + 1 + 2 + 5*c. Give p(-1).
-6
Let q(w) = 4*w + 2. Let o(r) = -r**3 + 10*r**2 - r + 6. Let g be o(10). Let y(f) = -5*f - 3. Let m(j) = g*y(j) - 6*q(j). What is m(1)?
-4
Let y(u) = -3*u**2 + 8*u**2 - 3*u**2 + 10*u**2. Suppose -2*w + 1 = -3*w. Calculate y(w).
12
Let t(j) = j**3 + 5*j**2 + 6*j + 1. Suppose -4 + 28 = -6*n. Calculate t(n).
-7
Suppose 0 = 4*v - 0*v - 2*n + 34, 2*n + 46 = -4*v. Let p = 19 + v. Let b = -10 + p. Let q(r) = -3*r. Determine q(b).
3
Let x(p) = 9 + 11*p + 3*p - 7*p - 8*p. What is x(6)?
3
Let k = 51 - 47. Let y(t) = -4*t + 5. Determine y(k).
-11
Let n(l) = 7*l**2 - 5*l + 3. Let h = -7 - -8. Let c(j) = j**2 - j + 1. Let p(g) = h*n(g) - 6*c(g). Calculate p(-3).
3
Suppose 2*p + 3*u = -9, -5*p - 1 - 2 = u. Let f(w) = -w**2 - 7*w - 11. Let l(h) = -2*h**2 - 13*h - 21. Let t(b) = 11*f(b) - 6*l(b). Give t(p).
5
Let m(u) be the first derivative of u**4/4 - 2*u**3 - 5*u**2/2 + 9*u + 19. What is m(6)?
-21
Let b(q) = q - 8. Let t(o) = -o + 2 - 3 + 2*o. Let s be t(7). Let v be b(s). Let f(d) = 4*d + 1. Determine f(v).
-7
Let t = -20 + 26. Suppose -y + 0*y = t. Let z(q) = -q + 2. Give z(y).
8
Let d(a) be the second derivative of -a**5/20 + a**4/6 + a**3/3 - a**2 + a. Let z be (12 + (-148)/12)/(2/(-12)). What is d(z)?
2
Suppose 12 = 25*v - 23*v. Let a(z) = 8*z + 2. Let r(f) = -f - 1. Let k(x) = a(x) + 6*r(x). What is k(v)?
8
Let j(w) = -90*w + 33. Let q(k) = 11*k - 4. Let c(d) = 4*j(d) + 33*q(d). Let a be (-4)/18 - (-11)/9. Determine c(a).
3
Let b(n) = -2*n. Suppose -2*y - 6 = 4*q - 4, 5*y = 5*q + 40. Give b(y).
-10
Suppose 0 = -3*o - 12, -3*o - 7 = -c + 6. Suppose 4*p + 3*f = 65, 0 = -f - 0*f - c. Let m(j) = j + 6 - 1 - p. Calculate m(5).
-7
Let c = -1 - -2. Suppose 4*v + 11 = -c. Let n be ((-2)/v)/(2/3). Let r(m) = 3*m - 1. Give r(n).
2
Let p be 35/(-11) - 26/(-143). Let a(c) = -4*c - 8. Let r be a(p). Let f(t) = 3*t. Give f(r).
12
Let s(x) = 5*x**3 - 3*x**2 + 19*x - 9. Let v(g) = 2*g**3 - 2*g**2 + 9*g - 5. Let j(i) = -3*s(i) + 7*v(i). Determine j(-6).
-8
Let a(m) = -m**3 - 4*m**2 - 2*m - 4. Let d = -27 - -24. Calculate a(d).
-7
Let l = 69 - 66. Let v(u) be the second derivative of 0 - 1/12*u**4 + 0*u**3 + l*u**2 - u. Determine v(0).
6
Let b(r) be the first derivative of -3*r**4/2 - r**3 + 3*r - 2. Let i(x) = -x**3 - x**2. Let y(t) = b(t) - 5*i(t). Calculate y(3).
-6
Let f(t) = -t**3 - 4*t**2 - 2*t - 6. Let j be (1 + 3)*(3 - 2). Suppose 3*z = 2*z - j. Determine f(z).
2
Let f(r) = r - 13. Let p(d) = d - 12. Let g(x) = -2*f(x) + 3*p(x). Determine g(7).
-3
Let c(x) be the third derivative of x**4/12 - 5*x**3/6 - x**2. Let d(n) = 3*n - 21. Let p be d(9). Determine c(p).
7
Let u(q) be the third derivative of -q**5/60 - q**4/24 + q**3 + 2*q**2. Let j be 7/((-21)/(-54)) - -2. Suppose 5*w - 2*f + 8 = -0*f, 2*w = 5*f - j. Give u(w).
6
Let i(c) = c**3 + 5. Let u be i(0). Suppose 0 = -z + u*z. Let h(f) = -f**2 - f + 13. What is h(z)?
13
Suppose 4*q = -6 - 10. Let v(t) = t. What is v(q)?
-4
Let x(m) = -5*m**3 + 0*m**3 + 4*m**3 - 3*m - 2*m**2 - 2 + 2*m**3. Let p be -2*1*6/(-4). Give x(p).
-2
Suppose -u - 3 = -5*q, -5*u + 4*q + 4 = -u. Let z(x) = 3 - u + 0 - x. Calculate z(1).
0
Let y(f) = f**2 - 5*f + 4. Suppose -4*k + k + 6 = 0. Let p be k/6 + 55/15. Give y(p).
0
Let p(d) be the second derivative of -1/12*d**4 - 1/2*d**2 + 0 + 1/3*d**3 - 2*d. S